?
True
Let a(w) = -w - 3. Let h be a(6). Let m be 6*(-2 - 21/h). Let z(s) = 70*s + 3. Is z(m) prime?
False
Let o(v) = -83*v + 5. Let f be o(-3). Suppose 3*h + f = 5*h. Is h prime?
True
Suppose 5*r = 2*p + 896, r = -4*p - r - 1768. Let d(t) = 42*t - 16. Let a be d(11). Let x = a - p. Is x composite?
True
Suppose -2*x - 28 = 5*s, 2*s = x + 3*s + 20. Let j(z) = -z**3 - 22*z**2 + 11*z + 35. Is j(x) a prime number?
False
Suppose 4*z + 2 = 3*z. Let l be (0/(-1))/z - -2. Let v(q) = 65*q + 1. Is v(l) prime?
True
Suppose 2*d = -2, 3*u - 7*u + 14 = 2*d. Suppose -3*v + 1 - 7 = -4*w, 10 = w - 5*v. Suppose -2*q - 2*n + 256 = -w*q, -u*n = 3*q - 389. Is q prime?
False
Let c(x) = -15*x**2 - 19 - x**3 + 21*x + 5*x**2 - 6*x**2. Suppose -2*d = -5*w + 27 + 24, 27 = -d + 3*w. Is c(d) a prime number?
True
Suppose 0 = 5*k - 3886 - 7779. Is k composite?
False
Suppose 0 = 6*d - 4*x - 86226, -d - 2*x + 14360 = x. Is d a composite number?
False
Let k be 11/5 - ((-16)/20 - -1). Suppose -k*b = -8*b + 26502. Is b a composite number?
True
Suppose -4780 = -r - 2*m, -r + 3*m = 8*m - 4774. Let d = 7431 - r. Is d prime?
True
Is -1*(-6 + 4)*(-3847)/(-2) composite?
False
Is (-4)/(-10) - (-23583)/5 composite?
True
Suppose -19406 - 108482 = -2*k + 5*r, 5*k - 319747 = -r. Is k composite?
False
Suppose 0 = -4*z - 5*l + 4674, -5*z - 4*l + 3908 + 1930 = 0. Suppose -4*x = 5*t - z, 2*t + 320 = 2*x - 254. Is x composite?
True
Suppose 24741 = 26*d - 17*d. Is d a composite number?
False
Let s(f) be the third derivative of -31*f**7/5040 - f**6/180 - f**5/20 + 6*f**2. Let m(w) be the third derivative of s(w). Is m(-3) a prime number?
True
Let d(u) = 27*u**2 - 52*u + 151. Is d(30) prime?
False
Suppose 2*q = t + 42499, 9*q - 7*q = -5*t + 42469. Is q a prime number?
True
Suppose 2*d = 6, -d + 19 = 5*y - y. Let l = -64 + 67. Suppose -y*z + 0*g = -5*g - 112, 53 = l*z + 4*g. Is z prime?
True
Suppose 3*h - 5 = 5*d + 8, -2*h + 2*d = -6. Suppose -3*w + h = 7. Is 3 + w + 1 - -92 prime?
False
Let d(m) = -7*m**3 + 2*m**2 - 4*m - 9. Let k = -110 + 106. Is d(k) a composite number?
False
Suppose 3*t - 4 = t. Suppose -t*c = -3*c + 66. Let s = c - 40. Is s a composite number?
True
Let g(q) = -17*q + 1. Let v(a) be the third derivative of -a**4/24 + 2*a**3/3 + 3*a**2. Let i be v(9). Is g(i) a composite number?
True
Suppose -2*o + 9401 = 3*p, -7*o + 6*o - 4*p = -4703. Is o composite?
True
Suppose -11*z + 15 = -6*z. Let f = -1 + z. Suppose -f*h + 1695 = h. Is h a composite number?
True
Let p(i) = -266*i**3 + 2*i**2 - 6*i + 3. Let q(r) = -531*r**3 + 4*r**2 - 12*r + 6. Let c(a) = -9*p(a) + 4*q(a). Is c(2) a prime number?
True
Let l = -582 + 1031. Suppose -l = -2*v - g, 3*g - g = -5*v + 1122. Let a = v - -105. Is a a composite number?
True
Let u(z) be the first derivative of -7*z**3 - 9*z**2/2 - 3*z + 6. Let q be u(7). Let k = q - -1676. Is k a prime number?
False
Suppose 0 = r + 2, k + r = -k + 6194. Let s = -1845 + k. Is s a composite number?
True
Suppose n = 3*q + 2*n - 10711, -2*q + 7134 = -n. Is q a prime number?
False
Let w = 4550 + 909. Is w composite?
True
Is 7292 - (2 + 0 + 3)*-1 a composite number?
False
Let d = -125 + 192. Suppose 21 = p - 3*u - 6, -4*p = 5*u - 57. Let y = d - p. Is y composite?
True
Suppose -4*c + 2*t + 26 = -120, -4*t + 189 = 5*c. Let q = c + 112. Is q a composite number?
False
Let o(u) = 8*u - 1557. Let m(k) = k + 1. Let j(r) = 6*m(r) - o(r). Is j(0) composite?
True
Suppose 5*k - 773747 + 223037 = -5*t, 4*k - 440571 = -5*t. Is k composite?
True
Suppose -3*t - 16*t = -229615. Is t composite?
True
Suppose 0 = -4*p + 3*p + 62. Let a(w) = -w**2 - w + 3. Let o be a(0). Is o + (2 + p - -4) prime?
True
Suppose -x + 1471 = -2*o - 1888, o = 2*x - 6709. Is x a composite number?
True
Let j(b) = -221*b**2 + 7*b + 3. Let x(y) = 331*y**2 - 11*y - 5. Let c(v) = 8*j(v) + 5*x(v). Let d be c(2). Let z = d - -716. Is z prime?
False
Let u(d) = d - 16. Let m be u(20). Suppose 2*p + m*r - 1002 = 0, 0*p + 2*r + 972 = 2*p. Is p a composite number?
False
Let d = 7348 + 16933. Is d composite?
False
Is 3160 - -1 - (-8 + 6) a composite number?
False
Let r = 4848 + -647. Is r a prime number?
True
Suppose 32953 = 12*h - 49139. Suppose -11*w - h = -3*a - 7*w, -3*a - 5*w = -6886. Is a composite?
False
Suppose 2*m - 4 = 2. Suppose -2*c - 5*b = -4 - 5, 3*b = -2*c + 7. Suppose m*f - 327 = c*f. Is f composite?
True
Let c(l) be the third derivative of -1/24*l**4 + 0*l + 1/3*l**3 + 0 + 10*l**2. Is c(-9) a composite number?
False
Let v(d) = 17 - 2 + 19*d**2 - 3*d**2 + 3*d. Is v(-6) a prime number?
False
Let p be (-2)/(11/3 + -3) + 2. Is (-2 + 1*-57)*p a prime number?
True
Let a(r) = -8083*r - 35. Is a(-4) a prime number?
True
Suppose 12*y - 13169 = 15547. Is y composite?
False
Let f(u) be the first derivative of u**2/2 + 13*u + 10. Let t be f(-10). Is (-12575)/(-10) - t/(-2) prime?
True
Let l(j) = 1078*j**2 - 43*j - 168. Is l(17) a prime number?
True
Let j(m) = m**3 + 7 + 0 - 6*m + 3*m**2 + 3*m**2. Let f be j(-7). Suppose -y = -f*y - 149. Is y a prime number?
True
Suppose -25 = -7*l + 2*l. Suppose -w = 8 + l. Is (-4)/26 + (-1133)/w prime?
False
Suppose 89*m - 94*m + 16585 = 0. Is m a composite number?
True
Suppose -13*a = 9*a - 15290. Let w = 2346 - a. Is w composite?
True
Suppose 2*i + 5006 = 14824. Is i prime?
True
Let k(i) = 2*i**2 + 38*i + 29. Is k(-40) a composite number?
False
Suppose 4*c - 5*l - 477 = 0, -c + 3*l - 550 = -6*c. Suppose 3*a + c - 746 = 0. Is a composite?
False
Is (-76)/(-12)*(189 + (-24)/4) a composite number?
True
Let f(t) = 23*t**3 - 2*t**2 - t + 3. Is f(4) prime?
True
Let c be (0/(2/1))/1. Suppose 50*i - 45*i - 9865 = c. Is i a composite number?
False
Suppose -4*p - 3*h = 24, 2*p + p = -4*h - 25. Let j be (18/3)/p - -4. Suppose j*r = -2*u + 296, 2*u + 743 = 5*r + 4*u. Is r a prime number?
True
Let m be (-2)/(-4)*(-3 + 3). Suppose 0*r + 496 = -3*a - r, m = a - 2*r + 163. Let q = -38 - a. Is q a prime number?
True
Suppose -105 = 2*x + 3*x. Let p = -12 - x. Suppose -7*g = -p*g + 212. Is g prime?
False
Let k(h) = -585*h + 2. Suppose 5*c = -3*d - 17 - 3, 0 = -4*c + 5*d + 21. Is k(c) prime?
True
Suppose 0 = 2*n + 5*q - 193418, 42*n - 290117 = 39*n - 5*q. Is n prime?
False
Let p be 30*5/(-40)*12. Suppose 5*z - 3*s - 1246 = -s, -z + 2*s = -254. Let b = z + p. Is b a prime number?
False
Suppose -4*s + 4*s + 6*s = 0. Let x be 1 - -1 - (0 + 0). Suppose 5*f + 152 = 2*p + 3*f, 5*p + x*f - 401 = s. Is p a composite number?
False
Let y = -4775 - -17386. Is y composite?
False
Suppose -5*o - 5 = -2*g, 4*g - 5*o - 5 = 3*g. Suppose g = -3*t + r + 607, 4*r - 1360 + 337 = -5*t. Suppose -2*x - 79 = -t. Is x a composite number?
True
Let i(l) = l**3 + 3*l - 2. Let y be i(1). Suppose -y*c + 89 = m, 6*m - m - 445 = -4*c. Is m a composite number?
False
Let n = 12897 - 7592. Is n prime?
False
Let c(m) = -887*m - 83. Is c(-30) a prime number?
False
Suppose 4*y + 4 = 2*y. Let x be (-6)/y + -1 + 1. Suppose h + 62 = x*h. Is h a composite number?
False
Suppose 35134 = 9*d - 17003. Is d a prime number?
False
Suppose 4*o - 4*y - 259 = o, 3*o - 252 = -3*y. Suppose 0 = -3*b + 29 + o. Is b a composite number?
True
Is 709 - (-7 - (-4 - -1)) a composite number?
True
Suppose -4*l - 3*o - 166 = 48, -3*l + 5*o = 146. Suppose 489 - 124 = 5*u. Let t = l + u. Is t prime?
False
Let i = -28631 - -41520. Is i a composite number?
False
Is (-1 - -106 - (-2)/(-1))/1 a composite number?
False
Is 8872/72 - ((-48)/27 - -2) prime?
False
Let b(o) = 32*o + 11. Let p be -30*(1 + 32/(-20)). Is b(p) prime?
True
Let z = -10 - -12. Let p be 17/51*(-1)/((-2)/12). Suppose -3*u + z*u = -4*n + 1049, -532 = -p*n - 2*u. Is n composite?
False
Let o(z) = 159*z**3 - 2*z**2 + z. Let d(p) = -p - 11. Let i be d(-9). Let n = 3 + i. Is o(n) composite?
True
Let o = 11 + -15. Let v be (9 + 7)/(o/(-142)). Suppose 2*n + t = 6*n - 1145, 2*t = 2*n - v. Is n composite?
True
Let i(a) = 157*a**3 + 2*a**2 + a - 2. Let q be -1*(-18)/14 + (-18)/63. Is i(q) a composite number?
True
Let k(v) = -v**3 + 9*v**2 + v - 5. Let q be k(9). Suppose -q*b + 2*l + 478 = -364, 0 = 4*b + 2*l - 862. Is b a composite number?
True
Let j(b) = 7*b - 10. Let f be j(10). Suppose 2*s + f = -3*s. Is ((-295)/20)/(1/s) prime?
False
Let t(l) = 7*l**3 - 5*l**2 + 2*l - 2. Let b be t(4). Let g = b + -171. Is g 